{"id":328,"date":"2023-12-24T14:28:43","date_gmt":"2023-12-24T14:28:43","guid":{"rendered":"https:\/\/gesiresconsulting.com\/?page_id=328"},"modified":"2023-12-25T17:44:12","modified_gmt":"2023-12-25T17:44:12","slug":"asesoria-global","status":"publish","type":"page","link":"https:\/\/gesiresconsulting.com\/?page_id=328","title":{"rendered":"ASESOR\u00cdA GLOBAL"},"content":{"rendered":"<p>Un asesoramiento <strong>GLOBAL<\/strong> en una residencia viene dado por una <strong>suma de peque\u00f1as actuaciones<\/strong> que son necesarias de manera previa. En este sentido, antes de ver qu\u00e9 est\u00e1 ocurriendo, necesitmaos analizar los siguientes puntos:<\/p>\n<ol>\n<li>La <strong>ocupaci\u00f3n<\/strong> del Centro.<\/li>\n<li>El <strong>precio<\/strong> por plaza y su mix de tipo de plaza (privada + p\u00fablica).<\/li>\n<li>La <strong>ratio<\/strong> de personal de atenci\u00f3n directa y atenci\u00f3n indirecta.<\/li>\n<li>Todos los <strong>costes<\/strong> de la cuenta de explotaci\u00f3n, para ver realmente cu\u00e1l es el precio del cual no puede bajar el Centro en cuesti\u00f3n.<\/li>\n<li>Si est\u00e1n teniendo en cuenta los diferentes <strong>KPI<\/strong> de un negocio al uso.<\/li>\n<li>Su <strong>comunicaci\u00f3n<\/strong> interna y externa (diferentes targets groups).<\/li>\n<li>Su <strong>reputaci\u00f3n<\/strong> online.<\/li>\n<li>Qu\u00e9 <strong>problemas<\/strong> hacen que ese Centro no est\u00e9 funcionando como deber\u00eda funcionar.<\/li>\n<li>Las 3 \u00faltimas <strong>inspecciones<\/strong> o las inspecciones de los dos \u00faltimos a\u00f1os.<\/li>\n<li>La <strong>conflictividad<\/strong> laboral (si la hubiese)<\/li>\n<\/ol>\n<p>Con todo lo anterior, podr\u00edamos hacer el primer an\u00e1lisis de la situaci\u00f3n de c\u00f3mo est\u00e1 el Centro. As\u00ed, podremos hacernos una idea cabal de cu\u00e1l es la situaci\u00f3n y hacia d\u00f3nde deber\u00eda dirigirse ese Centro.<\/p>\n<p>Adem\u00e1s, en este sentido, una Residencia Geri\u00e1trica o un Centro de D\u00eda, independientemente de su forma jur\u00eddica (Sociedad Limitada, Sociedad An\u00f3nima, Fundaci\u00f3n, etc\u2026) deben de tener un funcionamiento adecuado, con un resultado positivo a final del ejercicio.<\/p>\n<p>Las personas crean empresas <strong>por vocaci\u00f3n<\/strong>, por esp\u00edritu de mejora de la sociedad, por convencimiento de hacer las cosas bien o por muchas razones, tantas como personas. Pero nunca nadie ha creado una empresa para perder dinero.<\/p>\n<p>Pues bien, una empresa en el \u00e1mbito social como una Residencia Geri\u00e1trica o Centro de D\u00eda debe <strong>GESTIONARSE DE MANERA S\u00d3LIDA<\/strong> y buscando la rentabilidad econ\u00f3mica o, por lo menos, evitando la p\u00e9rdida econ\u00f3mica.<\/p>\n<p>Con <strong>nuestra experiencia<\/strong> podemos ayudarte a fijar, por ejemplo, el precio m\u00ednimo que debes cobrar en tus plazas como te hemos indicado, teniendo en cuenta el \u201c<em>brake even point<\/em>\u201d (o punto de equilibrio) para que no est\u00e9s vendiendo a p\u00e9rdidas. Una vez se fija el precio mediante el cual la empresa no pierde, debemos tener en cuenta el precio de la competencia m\u00e1s cercana y valorar si el precio que nos sale del an\u00e1lisis es adecuado o asumible por nuestro target. Si es asumible, perfecto pero si por desgracia no lo es, deberemos hacer un an\u00e1lisis exhaustivo para ver d\u00f3nde podemos optimizar tus costes.<\/p>\n<p>Sabemos de Residencias Geri\u00e1tricas y de Centros de D\u00eda, por lo que podemos ayudarte a nivel empresarial con cualquier aspecto de tu Centro.<\/p>\n\n\n<div class=\"wp-block-columns is-layout-flex wp-container-core-columns-is-layout-9d6595d7 wp-block-columns-is-layout-flex\">\n<div class=\"wp-block-column is-layout-flow wp-block-column-is-layout-flow\"><\/div>\n\n\n\n<div class=\"wp-block-column is-layout-flow wp-block-column-is-layout-flow\">\n<div class=\"wp-block-buttons is-layout-flex wp-block-buttons-is-layout-flex\">\n<div class=\"wp-block-button\"><a class=\"wp-block-button__link wp-element-button\" href=\"https:\/\/gesiresconsulting.com\/?page_id=127\">Contacta con nosotros<\/a><\/div>\n<\/div>\n<\/div>\n\n\n\n<div class=\"wp-block-column is-layout-flow wp-block-column-is-layout-flow\"><\/div>\n<\/div>\n","protected":false},"excerpt":{"rendered":"<p>Un asesoramiento GLOBAL en una residencia viene dado por una suma de peque\u00f1as actuaciones que son necesarias de manera previa. En este sentido, antes de ver qu\u00e9 est\u00e1 ocurriendo, necesitmaos analizar los siguientes puntos: La ocupaci\u00f3n del Centro. El precio &hellip; <\/p>\n","protected":false},"author":1,"featured_media":374,"parent":0,"menu_order":0,"comment_status":"closed","ping_status":"closed","template":"","meta":{"footnotes":""},"class_list":["post-328","page","type-page","status-publish","has-post-thumbnail","hentry"],"yoast_head":"<!-- This site is optimized with the Yoast SEO plugin v27.4 - https:\/\/yoast.com\/product\/yoast-seo-wordpress\/ -->\n<title>ASESOR\u00cdA GLOBAL -<\/title>\n<meta name=\"robots\" content=\"index, follow, max-snippet:-1, max-image-preview:large, max-video-preview:-1\" \/>\n<link rel=\"canonical\" href=\"https:\/\/gesiresconsulting.com\/?page_id=328\" \/>\n<meta property=\"og:locale\" content=\"es_ES\" \/>\n<meta property=\"og:type\" content=\"article\" \/>\n<meta property=\"og:title\" content=\"ASESOR\u00cdA GLOBAL -\" \/>\n<meta property=\"og:description\" content=\"Un asesoramiento GLOBAL en una residencia viene dado por una suma de peque\u00f1as actuaciones que son necesarias de manera previa. En este sentido, antes de ver qu\u00e9 est\u00e1 ocurriendo, necesitmaos analizar los siguientes puntos: La ocupaci\u00f3n del Centro. El precio &hellip;\" \/>\n<meta property=\"og:url\" content=\"https:\/\/gesiresconsulting.com\/?page_id=328\" \/>\n<meta property=\"article:modified_time\" content=\"2023-12-25T17:44:12+00:00\" \/>\n<meta property=\"og:image\" content=\"https:\/\/gesiresconsulting.com\/wp-content\/uploads\/2023\/12\/Captura-de-pantalla-2023-12-24-a-las-17.09.36.png\" \/>\n\t<meta property=\"og:image:width\" content=\"530\" \/>\n\t<meta property=\"og:image:height\" content=\"340\" \/>\n\t<meta property=\"og:image:type\" content=\"image\/png\" \/>\n<meta name=\"twitter:card\" content=\"summary_large_image\" \/>\n<meta name=\"twitter:label1\" content=\"Tiempo de lectura\" \/>\n\t<meta name=\"twitter:data1\" content=\"3 minutos\" \/>\n<script type=\"application\/ld+json\" class=\"yoast-schema-graph\">{\"@context\":\"https:\\\/\\\/schema.org\",\"@graph\":[{\"@type\":\"WebPage\",\"@id\":\"https:\\\/\\\/gesiresconsulting.com\\\/?page_id=328\",\"url\":\"https:\\\/\\\/gesiresconsulting.com\\\/?page_id=328\",\"name\":\"ASESOR\u00cdA GLOBAL -\",\"isPartOf\":{\"@id\":\"https:\\\/\\\/gesiresconsulting.com\\\/#website\"},\"primaryImageOfPage\":{\"@id\":\"https:\\\/\\\/gesiresconsulting.com\\\/?page_id=328#primaryimage\"},\"image\":{\"@id\":\"https:\\\/\\\/gesiresconsulting.com\\\/?page_id=328#primaryimage\"},\"thumbnailUrl\":\"https:\\\/\\\/gesiresconsulting.com\\\/wp-content\\\/uploads\\\/2023\\\/12\\\/Captura-de-pantalla-2023-12-24-a-las-17.09.36.png\",\"datePublished\":\"2023-12-24T14:28:43+00:00\",\"dateModified\":\"2023-12-25T17:44:12+00:00\",\"breadcrumb\":{\"@id\":\"https:\\\/\\\/gesiresconsulting.com\\\/?page_id=328#breadcrumb\"},\"inLanguage\":\"es\",\"potentialAction\":[{\"@type\":\"ReadAction\",\"target\":[\"https:\\\/\\\/gesiresconsulting.com\\\/?page_id=328\"]}]},{\"@type\":\"ImageObject\",\"inLanguage\":\"es\",\"@id\":\"https:\\\/\\\/gesiresconsulting.com\\\/?page_id=328#primaryimage\",\"url\":\"https:\\\/\\\/gesiresconsulting.com\\\/wp-content\\\/uploads\\\/2023\\\/12\\\/Captura-de-pantalla-2023-12-24-a-las-17.09.36.png\",\"contentUrl\":\"https:\\\/\\\/gesiresconsulting.com\\\/wp-content\\\/uploads\\\/2023\\\/12\\\/Captura-de-pantalla-2023-12-24-a-las-17.09.36.png\",\"width\":530,\"height\":340},{\"@type\":\"BreadcrumbList\",\"@id\":\"https:\\\/\\\/gesiresconsulting.com\\\/?page_id=328#breadcrumb\",\"itemListElement\":[{\"@type\":\"ListItem\",\"position\":1,\"name\":\"Portada\",\"item\":\"https:\\\/\\\/gesiresconsulting.com\\\/\"},{\"@type\":\"ListItem\",\"position\":2,\"name\":\"ASESOR\u00cdA GLOBAL\"}]},{\"@type\":\"WebSite\",\"@id\":\"https:\\\/\\\/gesiresconsulting.com\\\/#website\",\"url\":\"https:\\\/\\\/gesiresconsulting.com\\\/\",\"name\":\"\",\"description\":\"Asesor\u00eda global para residencias\",\"potentialAction\":[{\"@type\":\"SearchAction\",\"target\":{\"@type\":\"EntryPoint\",\"urlTemplate\":\"https:\\\/\\\/gesiresconsulting.com\\\/?s={search_term_string}\"},\"query-input\":{\"@type\":\"PropertyValueSpecification\",\"valueRequired\":true,\"valueName\":\"search_term_string\"}}],\"inLanguage\":\"es\"}]}<\/script>\n<!-- \/ Yoast SEO plugin. -->","yoast_head_json":{"title":"ASESOR\u00cdA GLOBAL -","robots":{"index":"index","follow":"follow","max-snippet":"max-snippet:-1","max-image-preview":"max-image-preview:large","max-video-preview":"max-video-preview:-1"},"canonical":"https:\/\/gesiresconsulting.com\/?page_id=328","og_locale":"es_ES","og_type":"article","og_title":"ASESOR\u00cdA GLOBAL -","og_description":"Un asesoramiento GLOBAL en una residencia viene dado por una suma de peque\u00f1as actuaciones que son necesarias de manera previa. En este sentido, antes de ver qu\u00e9 est\u00e1 ocurriendo, necesitmaos analizar los siguientes puntos: La ocupaci\u00f3n del Centro. El precio &hellip;","og_url":"https:\/\/gesiresconsulting.com\/?page_id=328","article_modified_time":"2023-12-25T17:44:12+00:00","og_image":[{"width":530,"height":340,"url":"https:\/\/gesiresconsulting.com\/wp-content\/uploads\/2023\/12\/Captura-de-pantalla-2023-12-24-a-las-17.09.36.png","type":"image\/png"}],"twitter_card":"summary_large_image","twitter_misc":{"Tiempo de lectura":"3 minutos"},"schema":{"@context":"https:\/\/schema.org","@graph":[{"@type":"WebPage","@id":"https:\/\/gesiresconsulting.com\/?page_id=328","url":"https:\/\/gesiresconsulting.com\/?page_id=328","name":"ASESOR\u00cdA GLOBAL -","isPartOf":{"@id":"https:\/\/gesiresconsulting.com\/#website"},"primaryImageOfPage":{"@id":"https:\/\/gesiresconsulting.com\/?page_id=328#primaryimage"},"image":{"@id":"https:\/\/gesiresconsulting.com\/?page_id=328#primaryimage"},"thumbnailUrl":"https:\/\/gesiresconsulting.com\/wp-content\/uploads\/2023\/12\/Captura-de-pantalla-2023-12-24-a-las-17.09.36.png","datePublished":"2023-12-24T14:28:43+00:00","dateModified":"2023-12-25T17:44:12+00:00","breadcrumb":{"@id":"https:\/\/gesiresconsulting.com\/?page_id=328#breadcrumb"},"inLanguage":"es","potentialAction":[{"@type":"ReadAction","target":["https:\/\/gesiresconsulting.com\/?page_id=328"]}]},{"@type":"ImageObject","inLanguage":"es","@id":"https:\/\/gesiresconsulting.com\/?page_id=328#primaryimage","url":"https:\/\/gesiresconsulting.com\/wp-content\/uploads\/2023\/12\/Captura-de-pantalla-2023-12-24-a-las-17.09.36.png","contentUrl":"https:\/\/gesiresconsulting.com\/wp-content\/uploads\/2023\/12\/Captura-de-pantalla-2023-12-24-a-las-17.09.36.png","width":530,"height":340},{"@type":"BreadcrumbList","@id":"https:\/\/gesiresconsulting.com\/?page_id=328#breadcrumb","itemListElement":[{"@type":"ListItem","position":1,"name":"Portada","item":"https:\/\/gesiresconsulting.com\/"},{"@type":"ListItem","position":2,"name":"ASESOR\u00cdA GLOBAL"}]},{"@type":"WebSite","@id":"https:\/\/gesiresconsulting.com\/#website","url":"https:\/\/gesiresconsulting.com\/","name":"","description":"Asesor\u00eda global para residencias","potentialAction":[{"@type":"SearchAction","target":{"@type":"EntryPoint","urlTemplate":"https:\/\/gesiresconsulting.com\/?s={search_term_string}"},"query-input":{"@type":"PropertyValueSpecification","valueRequired":true,"valueName":"search_term_string"}}],"inLanguage":"es"}]}},"_links":{"self":[{"href":"https:\/\/gesiresconsulting.com\/index.php?rest_route=\/wp\/v2\/pages\/328","targetHints":{"allow":["GET"]}}],"collection":[{"href":"https:\/\/gesiresconsulting.com\/index.php?rest_route=\/wp\/v2\/pages"}],"about":[{"href":"https:\/\/gesiresconsulting.com\/index.php?rest_route=\/wp\/v2\/types\/page"}],"author":[{"embeddable":true,"href":"https:\/\/gesiresconsulting.com\/index.php?rest_route=\/wp\/v2\/users\/1"}],"replies":[{"embeddable":true,"href":"https:\/\/gesiresconsulting.com\/index.php?rest_route=%2Fwp%2Fv2%2Fcomments&post=328"}],"version-history":[{"count":6,"href":"https:\/\/gesiresconsulting.com\/index.php?rest_route=\/wp\/v2\/pages\/328\/revisions"}],"predecessor-version":[{"id":418,"href":"https:\/\/gesiresconsulting.com\/index.php?rest_route=\/wp\/v2\/pages\/328\/revisions\/418"}],"wp:featuredmedia":[{"embeddable":true,"href":"https:\/\/gesiresconsulting.com\/index.php?rest_route=\/wp\/v2\/media\/374"}],"wp:attachment":[{"href":"https:\/\/gesiresconsulting.com\/index.php?rest_route=%2Fwp%2Fv2%2Fmedia&parent=328"}],"curies":[{"name":"wp","href":"https:\/\/api.w.org\/{rel}","templated":true}]}}